be m(w). Let q(u) = 5*u + 4. Let n(v) = -v - 1. Let j(f) = -11*n(f) - 2*q(f). What is j(i)?
0
Let r(s) = 13*s**3 + 8*s**2 + 3*s + 1. Let m(y) = -28*y**3 - 16*y**2 - 8*y - 2. Let w(z) = -6*m(z) - 13*r(z). What is w(-9)?
-1
Let r(m) = m - 5. Suppose 3*o - 2*o = 3*u, -8 = -4*o + 4*u. Give r(o).
-2
Let l(a) = -a**2 + 3. Let c be (-1)/3*(3 + -48). Suppose -10*q + 5*q - c = 0. Give l(q).
-6
Let c(f) = -23*f + 17. Let i be c(1). Let p(q) = -4*q - 4. Determine p(i).
20
Suppose 5*n + 4*h - 14 = 0, 0 = -2*n + 7*h - 3*h. Let u(g) = -g - g**n - 6 - g + 6*g. Let x be (-1)/(-2 + (-18)/(-10)). Calculate u(x).
-11
Let o(m) be the second derivative of -m**5/60 + m**4/6 - m**3/6 + 2*m. Let h(y) be the second derivative of o(y). Calculate h(-4).
12
Suppose 2*p - 4 + 0 = 0. Let n be (4 - 3) + p*-2. Let q(f) = 4*f**2 + 6*f + 5. Let m(t) = -2*t**2 - t - 1. Let g(l) = m(l) + q(l). Give g(n).
7
Let y be (-19 + -3)/2 + 6. Let j(o) = -7*o**2 - 11*o + 11. Let b(m) = -11*m**2 - 17*m + 17. Let u(s) = -5*b(s) + 8*j(s). What is u(y)?
-7
Let w be (-10 + 2)*(-5 + 4). Suppose w*i = 3*i - 5. Let c(m) be the third derivative of -7*m**6/60 - m**3/6 - 39*m**2. Determine c(i).
13
Suppose 0 = -3*i - 3 + 6. Let d(j) be the first derivative of j - 4/3*j**3 - 1/2*j**2 + 15. Determine d(i).
-4
Let o(x) = -x**3 + 9*x**2 - 7*x - 9. Let f(l) = -l**3 + l**2 - 2*l. Let s(y) = 2*f(y) - o(y). Determine s(-7).
-12
Let g(p) = 14*p + 626. Let w be g(-45). Let z(l) = l**3 + 5*l**2 + 6*l + 4. Calculate z(w).
-4
Let t(i) = -2*i**2 + 8*i + 2. Let u(r) = 2*r**2 + 3*r - 3. Let a be u(-3). Let s be t(a). Let d = s - -19. Let o(q) = q**2 + q. Give o(d).
6
Let m(l) = -l - 2. Suppose -p - 16 = -10. Let z = 0 + p. What is m(z)?
4
Let x be -4 - -2*(-7)/2. Let o(k) = -k**2 - 9*k. What is o(x)?
-22
Let k(t) = -21 + 0 + 5 + 11 + 6 + t. Determine k(-4).
-3
Let p = 20 - 18. Suppose -2*y = -a - 0*a - 6, -p*y - 3*a = -22. Let x(g) = 9*g - y*g + 5*g + 1. Give x(1).
10
Let o(b) = -b**3 + b**2 + 2*b + 7. Let j be o(0). Let a(x) = 3 + 9*x + x**2 + j*x - 8*x + 4*x. What is a(-11)?
-8
Let j(i) = -8*i**2 + 16*i + 3. Suppose -3*h = -0*h - 21. Let d(q) = -7*q**2 + 15*q + 2. Let y(p) = h*d(p) - 6*j(p). What is y(8)?
4
Let s(u) = 11*u + 8*u**2 - 2 - 9*u**2 - 13*u. Determine s(6).
-50
Suppose -x - 5*v + 4 = -2*v, 2*v = 0. Let t(f) = -f + x*f + 28 - 36. Give t(6).
10
Let y(g) = -2*g**2 + 2*g - 3. Let d be y(3). Let j be (-12)/d + 19/(-5). Let q(f) = f + 4. Give q(j).
1
Let m(b) = -b - 620 + 1254 - 626. Give m(6).
2
Suppose 4*h = -4*u + 12, 0 = -14*h + 13*h - 5. Let l(n) = -n**3 + 8*n**2 - 9*n + 11. Calculate l(u).
-61
Let p(l) be the first derivative of -l**4/4 - 2*l**3/3 - l**2/2 + 3*l + 163. Determine p(-2).
5
Let f(j) = -3*j**2 - 17*j - 5. Let x(o) = o**2 + 3*o + 1. Let a(p) = f(p) + 2*x(p). What is a(-10)?
7
Let a(x) = 62*x**3 + x**2 - 1 - 29*x**3 - 34*x**3 - 4*x**2. Determine a(-4).
15
Suppose 5*h + 3*s - 36 = 0, 20 = 2*h + s + 3*s. Let q(u) = -5*u + 6. What is q(h)?
-24
Suppose -2*y + 3 = i, 78*i = 83*i - 5. Suppose 4*o + o - 10 = 0. Let g(w) = -w**o - 4 + 3 - y + 5*w. What is g(5)?
-2
Let y(u) = 22*u + 6 - u**2 - 27*u + 3*u. What is y(4)?
-18
Let o = 90 - 92. Let f = -4 + 4. Let y(v) = 0*v**3 + 3*v + 2*v**2 + 4 + f + 2*v**3 - 1. Give y(o).
-11
Let x(q) = -42 - q - 51 + 146 - 51. Determine x(-3).
5
Let y(a) = 2*a - 17. Suppose 14 = -28*j + 154. Determine y(j).
-7
Let l(h) = -2*h**2 + 2*h + 1. Let j be l(-1). Let z(q) = -q**2 - 7*q - 8. Let r(n) = -n - 2. Let w(v) = -3*r(v) + z(v). Calculate w(j).
1
Let o = 6 + -4. Let a(w) = -w**2 - 4*w + 5. Let n be a(-4). Let k(r) = 2*r + 6 - r + o*r - n*r. Give k(4).
-2
Let s(z) = -1 + 10*z + 3*z**3 - 15*z**2 + 15 - 10*z**2 - 33*z. Let k(q) = -5*q**3 + 38*q**2 + 35*q - 21. Let d(b) = 5*k(b) + 8*s(b). Determine d(-9).
7
Let g(z) = 7*z**3 + 29*z**2 - 19*z - 45. Let f(p) = -4*p**3 - 15*p**2 + 11*p + 23. Let t(b) = -5*f(b) - 3*g(b). Determine t(-12).
-4
Let w(s) = -s**2 + 30*s - 21. Let c(a) = -6*a + 4. Let h(i) = 11*c(i) + 2*w(i). Give h(-4).
-6
Let j(v) = v + 7. Let p = 4 - 7. Let z(q) = 8. Let f(n) = p*z(n) + 2*j(n). What is f(8)?
6
Let x = 3 + -5. Let z(m) be the first derivative of -m**5/60 - m**4/24 + m**2/2 + 5. Let j(l) be the second derivative of z(l). Determine j(x).
-2
Suppose 5*h - 13 = -3*w, 3*w - 19 = -2*h - 3. Let i(v) = 9. Let k(b) = b - 22. Let y(c) = 2*i(c) + k(c). What is y(w)?
2
Let k(o) be the second derivative of o**3/6 - 3*o**2 - 2*o. Let n be (156 + -146 + (-10 - 0))*(-1)/2. Calculate k(n).
-6
Let i(g) = -g + 10. Let f(b) = -b**2 + 63*b + 350. Let t be f(68). Calculate i(t).
0
Let u(y) = y - 3. Suppose -2*x - k + 2 = 0, 7*x + k - 8 = 2*x. Suppose 0 = -0*n - x*n. Let b be 0 + 0 - (-3 + n). Give u(b).
0
Let r(p) = p + 8. Let l(x) = -47*x + 26. Let j be l(-2). Suppose 4*k + 136 = j. What is r(k)?
4
Let o(d) = 7*d - 1. Let r(v) = 10 + 7 - 4 - v - 2. Let u be r(10). Give o(u).
6
Let m(g) = g + 6*g - 11*g - 12*g**2 + 3*g. Determine m(1).
-13
Let q(c) = -c**2 + 18*c + 6. Let w be q(18). Suppose -w*p = -16 - 8. Let d(o) = o**2 - 2*o. What is d(p)?
8
Let g(v) = -23*v + 1. Let m(c) = c**3 - 4*c**2 + 12*c - 26. Let q be m(3). Give g(q).
-22
Let j(k) = k**3 + 3*k**2 - 9*k + 6. Suppose -o = -3*o - 10. Let t be j(o). Let d(b) = -4*b - 1 + 2*b + 0. Calculate d(t).
-3
Let t(s) = -2*s + 1. Let b be -5 + -16*2/(-4). Calculate t(b).
-5
Let g(p) be the third derivative of p**5/30 + 5*p**4/24 - p**3/2 + p**2. Let q = 152 + -156. Calculate g(q).
9
Let b(a) = -3*a**2 - a + 4. Let q = 308 - 311. Determine b(q).
-20
Let a(h) be the third derivative of 0*h - 1/120*h**6 - 25*h**2 + 0 - 1/15*h**5 - 1/6*h**4 - 1/3*h**3. Let y be 24/(-15) - (-4)/(-10). Calculate a(y).
-2
Let c(p) = -23*p - 30. Let j(v) = 28*v + 29. Let o(f) = -6*c(f) - 5*j(f). Give o(15).
5
Let a(i) = i**3 + 9*i**2 + 7*i - 5. Suppose 5*t + 5*j = -20, 18 = -2*t + 2*j + 2. Let p = 8 + t. Let c be (p/(-2))/(2/16). What is a(c)?
3
Suppose -11*t + 3*t = -592. Let x(q) = -3*q**2 - 37*q**3 - 5 + t*q**3 + q - 38*q**3. Determine x(-4).
7
Let v = 4 + -2. Suppose 0 = -v*p - 6 - 0. Let f(i) be the first derivative of -2*i**3/3 - i**2 + 3*i + 2. Calculate f(p).
-9
Let v(d) = -2*d + 1. Let s be (-2704)/1040 + 4/(-10). Determine v(s).
7
Let j(c) = 19*c**2 - 30*c + 32. Let t be 2*3*4/(-3). Let v(r) = 12*r**2 - 20*r + 21. Let q(p) = t*v(p) + 5*j(p). Calculate q(6).
16
Let x(n) = -n + 12. Suppose 0 = -2*p - 4, 3*y + 2*p - 31 = -2*y. Let u = y + -12. Let k(d) = d + 10. Let v be k(u). What is x(v)?
7
Let z be 21*11/(-99)*3. Let q(g) = g**3 + 7*g**2 - 6. What is q(z)?
-6
Let j(u) = -u**2 + 3*u + 2. Let q = 14 + -18. Let p(i) = -i - 4. Let f(d) = d + 3. Let w(y) = q*f(y) - 3*p(y). Let m be w(-4). What is j(m)?
-2
Let w(b) be the third derivative of b**5/60 - b**3/6 + 6*b**2. Let d(i) = -i**3 + 7*i**2 - 1. Let g(v) = d(v) - 6*w(v). What is g(0)?
5
Let w(h) = 3*h**2 - 26*h + 7. Let g(c) = -3*c**2 + 30*c - 8. Let p(v) = 6*g(v) + 7*w(v). Suppose -4*x - 6 = -2. Let l be x + (2 - (-1)/1). Give p(l).
9
Let j(q) = q - 8. Let s(o) = -o + 9. Let u(z) = 7*j(z) + 6*s(z). Suppose -27 = 4*t + 5*y, t - 2*y = 3*t + 12. Let p be (t - -5) + -7 + 0. What is u(p)?
-7
Suppose -26 = 4*g - 3*r, -5*g - 2*r - 33 = -6*r. Let l(f) = f + 5. Calculate l(g).
0
Let z(d) = 19*d**2 + d**3 - 46*d**2 + d**2 + 18*d**2 - 3 + 11*d**2 - 5*d. Calculate z(-4).
1
Let k(t) = 7*t + 3. Let m(l) = -13*l - 5. Let n(y) = 5*k(y) + 3*m(y). Suppose 149 = -18*w + 41. What is n(w)?
24
Let w(v) = 4*v + 11*v - 13 + 11*v - 29*v - 2*v**2 + 16. Calculate w(1).
-2
Let h(k) = 3*k - 3. Let p(r) = -7*r + 9. Let a(i) = 7*h(i) + 2*p(i). What is a(2)?
11
Let y(l) = -l**3 + 2*l - 1. Let w(z) = -7*z**3 + 8*z**2 + 5*z - 1. Let q(d) = -w(d) + 6*y(d). Give q(4).
-41
Let r(o) = -2*o**2 + 29*o - 38. Let f(a) = -a**2 + 14*a - 18. Let t(g) = -7*f(g) + 3*r(g). What is t(9)?
-6
Let y = 5 - 1. Suppose 3*l + g + y = 0, 2*l = -4*g + 4 - 0. Let i(c) = -c**2 + c. Calculate i(l).
-6
Let u(n) = 5*n**3 + n**2. Suppose -167 = 2*k + 3*k - 3*p, 2*k = 3*p - 74. Let t = k + 32. What is u(t)?
6
Let m(o) be the second derivative of 7/2*o**2 + 0 + 1/6*o**4 + o + 1/2*o**3. Let n(d) be the first derivative of m(d). Calculate n(-2).
-5
Let s(x) be the first derivative of -x**4/12 - 5*x**3/6 + x**2 + 2*x + 25. Let b(g) be the first derivat